{"id":4289,"date":"2013-06-15T18:44:53","date_gmt":"2013-06-15T16:44:53","guid":{"rendered":"http:\/\/www.60ergang.at\/wordpress\/?page_id=4289"},"modified":"2024-10-22T20:41:07","modified_gmt":"2024-10-22T18:41:07","slug":"transalp-2013-trans-tirolis","status":"publish","type":"page","link":"https:\/\/www.60ergang.at\/wordpress\/transalp-2013-trans-tirolis\/","title":{"rendered":"Transalp 2013 (Trans Tirolis)"},"content":{"rendered":"<h1>Transalp 2013 (Trans Tirolis),\u00a0<strong>Vorwort:<\/strong><\/h1>\n<p>Den Entwurf dieser Runde hat Steve bereits vor 25 Jahren skizziert. Damals noch mit Waffenrad, Jogginghose und mit Nylons\u00e4cken als Kofferraum bewaffnet. Im Duett bzw. Trio war die Nostalgie Transalp aber nicht bis zu Ende gef\u00fchrt worden. Darum alten Plan raus aus der Schublade, in Google Earth und Basecamp verfeinert, mit Gehpassagen angereichert und eine \u201eneue\u201c Truppe zusammengestellt.<\/p>\n<p>Und so entstand die Transalp der Schneefelder, die Transalp der J\u00f6cher, die Transalp der schwer oder eigentlich gar nicht fahrbaren \u00dcberg\u00e4nge. Normal ist ja eben normal, also etwas schr\u00e4ges einbauen und somit wurde es eine anspruchsvolle Alpen\u00fcberschreitung. Heuer hatten wir uns zum Ziel gesetzt, mehr oder weniger in Tirol zu bleiben und eine Runde \u2013 in Wirklichkeit war es eine Acht \u2013 zu fahren \u2013 TransTirolis.<\/p>\n<p><img loading=\"lazy\" decoding=\"async\" width=\"1387\" height=\"780\" class=\"wp-image-17645\" src=\"https:\/\/www.60ergang.at\/wordpress\/wp-content\/uploads\/2024\/10\/word-image-4289-1-1.jpeg\" srcset=\"https:\/\/www.60ergang.at\/wordpress\/wp-content\/uploads\/2024\/10\/word-image-4289-1-1.jpeg 1387w, https:\/\/www.60ergang.at\/wordpress\/wp-content\/uploads\/2024\/10\/word-image-4289-1-1-400x225.jpeg 400w, https:\/\/www.60ergang.at\/wordpress\/wp-content\/uploads\/2024\/10\/word-image-4289-1-1-640x360.jpeg 640w, https:\/\/www.60ergang.at\/wordpress\/wp-content\/uploads\/2024\/10\/word-image-4289-1-1-768x432.jpeg 768w, https:\/\/www.60ergang.at\/wordpress\/wp-content\/uploads\/2024\/10\/word-image-4289-1-1-1360x765.jpeg 1360w\" sizes=\"auto, (max-width: 1387px) 100vw, 1387px\" \/>Die 2013\u2019ner Patrioten: Hannes, Jemie, Mario, Steve, Fuzzi<\/p>\n<p>Vom 15. bis 21. Juni waren wir unterwegs und hatten Wettergl\u00fcck wie noch nie zuvor. Nicht ein einziges mal mussten die Regensachen raus und \u00fcberhaupt waren die Temperaturen auf Hochsommer eingestellt. Zum Gl\u00fcck waren wir in der H\u00f6he unterwegs, hier waren die Temperaturen gut zu ertragen. Teilweise mussten bei den Abfahrten gar keine Jacken getragen werden, so warm war es.<\/p>\n<p>Mensch und Material wurden nicht geschont aber trotzdem hielt sich die Ausbeute an Pannen und K\u00f6rpersch\u00e4den sehr gering. Ein heftiger Kettenfresser, ein Kettenriss, defekte Radschuhe (die Sohlen l\u00f6sten sich ab) \u2013 ein neues Paar Mountainbike Schuhe (85.- \u20ac) wurde am Brenner gekauft. Eine defekte Gabel (keine Druckstufe mehr vorhanden), ein defekter D\u00e4mpfer (ohne Rebound) und die \u00fcblichen Knackser, Kracher, Rumpler und sonstige, nicht n\u00e4her beschreibbare Ger\u00e4usche aus Schaltung, Tretlager, Kurbel, Knie- und Bandscheibe.<\/p>\n<p>An k\u00f6rperlichen Defiziten waren die \u00fcblichen Sitzfleisch-Disharmonien, H\u00fchneraugen, Sonnenbr\u00e4nde, chronisch trockene Kehlen sowie Knieleiden zu beklagen. Ganz abgesehen von Jemies, bereits vor dem Start desolatem Fu\u00df \u2013 Kompliment an dieser Stelle \u2013 super durchgebissen.<\/p>\n<p><img loading=\"lazy\" decoding=\"async\" width=\"716\" height=\"968\" class=\"wp-image-17646\" src=\"https:\/\/www.60ergang.at\/wordpress\/wp-content\/uploads\/2024\/10\/word-image-4289-2-1.jpeg\" srcset=\"https:\/\/www.60ergang.at\/wordpress\/wp-content\/uploads\/2024\/10\/word-image-4289-2-1.jpeg 716w, https:\/\/www.60ergang.at\/wordpress\/wp-content\/uploads\/2024\/10\/word-image-4289-2-1-296x400.jpeg 296w, https:\/\/www.60ergang.at\/wordpress\/wp-content\/uploads\/2024\/10\/word-image-4289-2-1-473x640.jpeg 473w\" sizes=\"auto, (max-width: 716px) 100vw, 716px\" \/><\/p>\n<p>In 7 Etappen lassen wir wieder einige Kilometer (367) hinter uns, lernen dabei die Heimat etwas besser kennen und freuen uns \u00fcber die eine und andere Ecke, welche bis dato noch nicht gesehen war. Dahoam isch Dahoam und da ischs am schianschtn, wurde uns in dieser Woche wieder einmal mehr bewusst. Neben den Strapazen kam nat\u00fcrlich der Lachfaktor auch heuer nicht zu kurz. Teilweise haben wir uns wieder heftig zerkugelt und mussten Timeouts nehmen um die Lachmuskeln wieder zu regenerieren. Zwischen den Humoreinlagen wurde auch mal Gefahren und so kamen nachfolgende Strecken zusammen.<\/p>\n\n<table id=\"tablepress-1\" class=\"tablepress tablepress-id-1\">\n<thead>\n<tr class=\"row-1\">\n\t<th class=\"column-1\">Etappe<\/th><th class=\"column-2\">Start \/ Ziel<\/th><th class=\"column-3\">Zeit in Bewegung [hh:mm]<\/th><th class=\"column-4\">L\u00e4nge [km]<\/th><th class=\"column-5\">V [km\/h]<\/th><th class=\"column-6\">H\u00f6hen + [m]<\/th><th class=\"column-7\">H\u00f6hen \u2013 [m]<\/th>\n<\/tr>\n<\/thead>\n<tbody class=\"row-striping row-hover\">\n<tr class=\"row-2\">\n\t<td class=\"column-1\">Tag 1<\/td><td class=\"column-2\">Innsbruck \u2013 Karwendelhaus<\/td><td class=\"column-3\">10:04<\/td><td class=\"column-4\">64<\/td><td class=\"column-5\">2,5<\/td><td class=\"column-6\">2496<\/td><td class=\"column-7\">-1254<\/td>\n<\/tr>\n<tr class=\"row-3\">\n\t<td class=\"column-1\">Tag 2<\/td><td class=\"column-2\">Karwendelhaus \u2013 Weerberg<\/td><td class=\"column-3\">06:07<\/td><td class=\"column-4\">67<\/td><td class=\"column-5\">7,8<\/td><td class=\"column-6\">1127<\/td><td class=\"column-7\">-2028<\/td>\n<\/tr>\n<tr class=\"row-4\">\n\t<td class=\"column-1\">Tag 3<\/td><td class=\"column-2\">Weerberg \u2013 Hintertux<\/td><td class=\"column-3\">07:08<\/td><td class=\"column-4\">39<\/td><td class=\"column-5\">4,5<\/td><td class=\"column-6\">1803<\/td><td class=\"column-7\">-1176<\/td>\n<\/tr>\n<tr class=\"row-5\">\n\t<td class=\"column-1\">Tag 4<\/td><td class=\"column-2\">Hintertux \u2013 Zirog<\/td><td class=\"column-3\">07:29<\/td><td class=\"column-4\">47<\/td><td class=\"column-5\">3,8<\/td><td class=\"column-6\">1800<\/td><td class=\"column-7\">-1424<\/td>\n<\/tr>\n<tr class=\"row-6\">\n\t<td class=\"column-1\">Tag 5<\/td><td class=\"column-2\">Zirog \u2013 Mayrhofen<\/td><td class=\"column-3\">07:39<\/td><td class=\"column-4\">60<\/td><td class=\"column-5\">6,1<\/td><td class=\"column-6\">1293<\/td><td class=\"column-7\">-2539<\/td>\n<\/tr>\n<tr class=\"row-7\">\n\t<td class=\"column-1\">Tag 6<\/td><td class=\"column-2\">Mayrhofen \u2013 Weerberg<\/td><td class=\"column-3\">07:55<\/td><td class=\"column-4\">42<\/td><td class=\"column-5\">4,5<\/td><td class=\"column-6\">1890<\/td><td class=\"column-7\">-1642<\/td>\n<\/tr>\n<tr class=\"row-8\">\n\t<td class=\"column-1\">Tag 7<\/td><td class=\"column-2\">Weerberg \u2013 Innsbruck<\/td><td class=\"column-3\">05:31<\/td><td class=\"column-4\">49<\/td><td class=\"column-5\">5,3<\/td><td class=\"column-6\">1145<\/td><td class=\"column-7\">-1435<\/td>\n<\/tr>\n<\/tbody>\n<tfoot>\n<tr class=\"row-9\">\n\t<td class=\"column-1\"><\/td><th class=\"column-2\">Gesamt<\/th><th class=\"column-3\">51:56<\/th><th class=\"column-4\">367<\/th><th class=\"column-5\">4,4<\/th><th class=\"column-6\">11554<\/th><th class=\"column-7\">-11498<\/th>\n<\/tr>\n<\/tfoot>\n<\/table>\n<!-- #tablepress-1 from cache -->\n<p><img loading=\"lazy\" decoding=\"async\" width=\"1385\" height=\"696\" class=\"wp-image-17647\" src=\"https:\/\/www.60ergang.at\/wordpress\/wp-content\/uploads\/2024\/10\/word-image-4289-3-1.jpeg\" srcset=\"https:\/\/www.60ergang.at\/wordpress\/wp-content\/uploads\/2024\/10\/word-image-4289-3-1.jpeg 1385w, https:\/\/www.60ergang.at\/wordpress\/wp-content\/uploads\/2024\/10\/word-image-4289-3-1-400x201.jpeg 400w, https:\/\/www.60ergang.at\/wordpress\/wp-content\/uploads\/2024\/10\/word-image-4289-3-1-640x322.jpeg 640w, https:\/\/www.60ergang.at\/wordpress\/wp-content\/uploads\/2024\/10\/word-image-4289-3-1-768x386.jpeg 768w\" sizes=\"auto, (max-width: 1385px) 100vw, 1385px\" \/><\/p>\n<p>Das H\u00f6henprofil:<br \/>\nLafatscher Joch, Hochalmsattel, Plums Joch, Geisel Joch, Tuxer Joch, Brenner, Schl\u00fcssel Joch, Pfitscher Joch, Sidan Joch, Loas Sattel, Tulfer Berg<\/p>\n<hr \/>\n<p>Weiter lesen<\/p>\n<p><a href=\"https:\/\/www.60ergang.at\/wordpress\/transalp-2013-trans-tirolis\/\">Transalp 2013, Vorwort<\/a> | <a href=\"https:\/\/www.60ergang.at\/wordpress\/transalp-2013-trans-tirolis-story-1-3\/\">Etappe 1<\/a> | <a href=\"https:\/\/www.60ergang.at\/wordpress\/transalp-2013-etappe-2\/\">Etappe 2<\/a> | <a href=\"https:\/\/www.60ergang.at\/wordpress\/transalp-2013-trans-tirolis-3-etappe\/\">Etappe 3<\/a> | <a href=\"https:\/\/www.60ergang.at\/wordpress\/transalp-2013-4-etappe\/\">Etappe 4<\/a> | <a href=\"https:\/\/www.60ergang.at\/wordpress\/transalp-2013-trans-tirolis-etappe-5\/\">Etappe 5<\/a> | <a href=\"https:\/\/www.60ergang.at\/wordpress\/transalp-2013-trans-tirolis-etappe-6\/\">Etappe 6<\/a> | <a href=\"https:\/\/www.60ergang.at\/wordpress\/transalp-2013-trans-tirolis-etappe-7\/\">Etappe 7<\/a><\/p>\n","protected":false},"excerpt":{"rendered":"<p>Transalp 2013 (Trans Tirolis),\u00a0Vorwort: Den Entwurf dieser Runde hat Steve bereits vor 25 Jahren skizziert. Damals noch mit Waffenrad, Jogginghose und mit<\/p>\n","protected":false},"author":2,"featured_media":17658,"parent":0,"menu_order":3,"comment_status":"open","ping_status":"closed","template":"","meta":{"_uag_custom_page_level_css":"","footnotes":""},"class_list":["post-4289","page","type-page","status-publish","has-post-thumbnail","hentry"],"uagb_featured_image_src":{"full":["https:\/\/www.60ergang.at\/wordpress\/wp-content\/uploads\/2024\/10\/word-image-4245-8.jpeg",1386,1039,false],"thumbnail":["https:\/\/www.60ergang.at\/wordpress\/wp-content\/uploads\/2024\/10\/word-image-4245-8-150x150.jpeg",150,150,true],"medium":["https:\/\/www.60ergang.at\/wordpress\/wp-content\/uploads\/2024\/10\/word-image-4245-8-400x300.jpeg",400,300,true],"medium_large":["https:\/\/www.60ergang.at\/wordpress\/wp-content\/uploads\/2024\/10\/word-image-4245-8-768x576.jpeg",768,576,true],"large":["https:\/\/www.60ergang.at\/wordpress\/wp-content\/uploads\/2024\/10\/word-image-4245-8-640x480.jpeg",640,480,true],"1536x1536":["https:\/\/www.60ergang.at\/wordpress\/wp-content\/uploads\/2024\/10\/word-image-4245-8.jpeg",1386,1039,false],"2048x2048":["https:\/\/www.60ergang.at\/wordpress\/wp-content\/uploads\/2024\/10\/word-image-4245-8.jpeg",1386,1039,false],"post-thumbnail":["https:\/\/www.60ergang.at\/wordpress\/wp-content\/uploads\/2024\/10\/word-image-4245-8-1360x765.jpeg",840,473,true],"worldstar-header-image":["https:\/\/www.60ergang.at\/wordpress\/wp-content\/uploads\/2024\/10\/word-image-4245-8.jpeg",560,420,false],"worldstar-thumbnail-small":["https:\/\/www.60ergang.at\/wordpress\/wp-content\/uploads\/2024\/10\/word-image-4245-8.jpeg",107,80,false],"tzwb-thumbnail":["https:\/\/www.60ergang.at\/wordpress\/wp-content\/uploads\/2024\/10\/word-image-4245-8.jpeg",80,60,false]},"uagb_author_info":{"display_name":"Fuzzi","author_link":"https:\/\/www.60ergang.at\/wordpress\/author\/gozilla42\/"},"uagb_comment_info":8,"uagb_excerpt":"Transalp 2013 (Trans Tirolis),\u00a0Vorwort: Den Entwurf dieser Runde hat Steve bereits vor 25 Jahren skizziert. Damals noch mit Waffenrad, Jogginghose und mit","_links":{"self":[{"href":"https:\/\/www.60ergang.at\/wordpress\/wp-json\/wp\/v2\/pages\/4289","targetHints":{"allow":["GET"]}}],"collection":[{"href":"https:\/\/www.60ergang.at\/wordpress\/wp-json\/wp\/v2\/pages"}],"about":[{"href":"https:\/\/www.60ergang.at\/wordpress\/wp-json\/wp\/v2\/types\/page"}],"author":[{"embeddable":true,"href":"https:\/\/www.60ergang.at\/wordpress\/wp-json\/wp\/v2\/users\/2"}],"replies":[{"embeddable":true,"href":"https:\/\/www.60ergang.at\/wordpress\/wp-json\/wp\/v2\/comments?post=4289"}],"version-history":[{"count":0,"href":"https:\/\/www.60ergang.at\/wordpress\/wp-json\/wp\/v2\/pages\/4289\/revisions"}],"wp:featuredmedia":[{"embeddable":true,"href":"https:\/\/www.60ergang.at\/wordpress\/wp-json\/wp\/v2\/media\/17658"}],"wp:attachment":[{"href":"https:\/\/www.60ergang.at\/wordpress\/wp-json\/wp\/v2\/media?parent=4289"}],"curies":[{"name":"wp","href":"https:\/\/api.w.org\/{rel}","templated":true}]}}

<h1>Transalp 2013 (Trans Tirolis), <strong>Vorwort:</strong></h1>
<p>Den Entwurf dieser Runde hat Steve bereits vor 25 Jahren skizziert. Damals noch mit Waffenrad, Jogginghose und mit Nylonsäcken als Kofferraum bewaffnet. Im Duett bzw. Trio war die Nostalgie Transalp aber nicht bis zu Ende geführt worden. Darum alten Plan raus aus der Schublade, in Google Earth und Basecamp verfeinert, mit Gehpassagen angereichert und eine „neue“ Truppe zusammengestellt.</p>
<p>Und so entstand die Transalp der Schneefelder, die Transalp der Jöcher, die Transalp der schwer oder eigentlich gar nicht fahrbaren Übergänge. Normal ist ja eben normal, also etwas schräges einbauen und somit wurde es eine anspruchsvolle Alpenüberschreitung. Heuer hatten wir uns zum Ziel gesetzt, mehr oder weniger in Tirol zu bleiben und eine Runde – in Wirklichkeit war es eine Acht – zu fahren – TransTirolis.</p>
<p><img loading="lazy" decoding="async" width="1387" height="780" class="wp-image-17645" src="https://www.60ergang.at/wordpress/wp-content/uploads/2024/10/word-image-4289-1-1.jpeg" srcset="https://www.60ergang.at/wordpress/wp-content/uploads/2024/10/word-image-4289-1-1.jpeg 1387w, https://www.60ergang.at/wordpress/wp-content/uploads/2024/10/word-image-4289-1-1-400x225.jpeg 400w, https://www.60ergang.at/wordpress/wp-content/uploads/2024/10/word-image-4289-1-1-640x360.jpeg 640w, https://www.60ergang.at/wordpress/wp-content/uploads/2024/10/word-image-4289-1-1-768x432.jpeg 768w, https://www.60ergang.at/wordpress/wp-content/uploads/2024/10/word-image-4289-1-1-1360x765.jpeg 1360w" sizes="auto, (max-width: 1387px) 100vw, 1387px" />Die 2013’ner Patrioten: Hannes, Jemie, Mario, Steve, Fuzzi</p>
<p>Vom 15. bis 21. Juni waren wir unterwegs und hatten Wetterglück wie noch nie zuvor. Nicht ein einziges mal mussten die Regensachen raus und überhaupt waren die Temperaturen auf Hochsommer eingestellt. Zum Glück waren wir in der Höhe unterwegs, hier waren die Temperaturen gut zu ertragen. Teilweise mussten bei den Abfahrten gar keine Jacken getragen werden, so warm war es.</p>
<p>Mensch und Material wurden nicht geschont aber trotzdem hielt sich die Ausbeute an Pannen und Körperschäden sehr gering. Ein heftiger Kettenfresser, ein Kettenriss, defekte Radschuhe (die Sohlen lösten sich ab) – ein neues Paar Mountainbike Schuhe (85.- €) wurde am Brenner gekauft. Eine defekte Gabel (keine Druckstufe mehr vorhanden), ein defekter Dämpfer (ohne Rebound) und die üblichen Knackser, Kracher, Rumpler und sonstige, nicht näher beschreibbare Geräusche aus Schaltung, Tretlager, Kurbel, Knie- und Bandscheibe.</p>
<p>An körperlichen Defiziten waren die üblichen Sitzfleisch-Disharmonien, Hühneraugen, Sonnenbrände, chronisch trockene Kehlen sowie Knieleiden zu beklagen. Ganz abgesehen von Jemies, bereits vor dem Start desolatem Fuß – Kompliment an dieser Stelle – super durchgebissen.</p>
<p><img loading="lazy" decoding="async" width="716" height="968" class="wp-image-17646" src="https://www.60ergang.at/wordpress/wp-content/uploads/2024/10/word-image-4289-2-1.jpeg" srcset="https://www.60ergang.at/wordpress/wp-content/uploads/2024/10/word-image-4289-2-1.jpeg 716w, https://www.60ergang.at/wordpress/wp-content/uploads/2024/10/word-image-4289-2-1-296x400.jpeg 296w, https://www.60ergang.at/wordpress/wp-content/uploads/2024/10/word-image-4289-2-1-473x640.jpeg 473w" sizes="auto, (max-width: 716px) 100vw, 716px" /></p>
<p>In 7 Etappen lassen wir wieder einige Kilometer (367) hinter uns, lernen dabei die Heimat etwas besser kennen und freuen uns über die eine und andere Ecke, welche bis dato noch nicht gesehen war. Dahoam isch Dahoam und da ischs am schianschtn, wurde uns in dieser Woche wieder einmal mehr bewusst. Neben den Strapazen kam natürlich der Lachfaktor auch heuer nicht zu kurz. Teilweise haben wir uns wieder heftig zerkugelt und mussten Timeouts nehmen um die Lachmuskeln wieder zu regenerieren. Zwischen den Humoreinlagen wurde auch mal Gefahren und so kamen nachfolgende Strecken zusammen.</p>

<table id="tablepress-1" class="tablepress tablepress-id-1">
<thead>
<tr class="row-1">
	<th class="column-1">Etappe</th><th class="column-2">Start / Ziel</th><th class="column-3">Zeit in Bewegung [hh:mm]</th><th class="column-4">Länge [km]</th><th class="column-5">V [km/h]</th><th class="column-6">Höhen + [m]</th><th class="column-7">Höhen – [m]</th>
</tr>
</thead>
<tbody class="row-striping row-hover">
<tr class="row-2">
	<td class="column-1">Tag 1</td><td class="column-2">Innsbruck – Karwendelhaus</td><td class="column-3">10:04</td><td class="column-4">64</td><td class="column-5">2,5</td><td class="column-6">2496</td><td class="column-7">-1254</td>
</tr>
<tr class="row-3">
	<td class="column-1">Tag 2</td><td class="column-2">Karwendelhaus – Weerberg</td><td class="column-3">06:07</td><td class="column-4">67</td><td class="column-5">7,8</td><td class="column-6">1127</td><td class="column-7">-2028</td>
</tr>
<tr class="row-4">
	<td class="column-1">Tag 3</td><td class="column-2">Weerberg – Hintertux</td><td class="column-3">07:08</td><td class="column-4">39</td><td class="column-5">4,5</td><td class="column-6">1803</td><td class="column-7">-1176</td>
</tr>
<tr class="row-5">
	<td class="column-1">Tag 4</td><td class="column-2">Hintertux – Zirog</td><td class="column-3">07:29</td><td class="column-4">47</td><td class="column-5">3,8</td><td class="column-6">1800</td><td class="column-7">-1424</td>
</tr>
<tr class="row-6">
	<td class="column-1">Tag 5</td><td class="column-2">Zirog – Mayrhofen</td><td class="column-3">07:39</td><td class="column-4">60</td><td class="column-5">6,1</td><td class="column-6">1293</td><td class="column-7">-2539</td>
</tr>
<tr class="row-7">
	<td class="column-1">Tag 6</td><td class="column-2">Mayrhofen – Weerberg</td><td class="column-3">07:55</td><td class="column-4">42</td><td class="column-5">4,5</td><td class="column-6">1890</td><td class="column-7">-1642</td>
</tr>
<tr class="row-8">
	<td class="column-1">Tag 7</td><td class="column-2">Weerberg – Innsbruck</td><td class="column-3">05:31</td><td class="column-4">49</td><td class="column-5">5,3</td><td class="column-6">1145</td><td class="column-7">-1435</td>
</tr>
</tbody>
<tfoot>
<tr class="row-9">
	<td class="column-1"></td><th class="column-2">Gesamt</th><th class="column-3">51:56</th><th class="column-4">367</th><th class="column-5">4,4</th><th class="column-6">11554</th><th class="column-7">-11498</th>
</tr>
</tfoot>
</table>
<!-- #tablepress-1 from cache -->
<p><img loading="lazy" decoding="async" width="1385" height="696" class="wp-image-17647" src="https://www.60ergang.at/wordpress/wp-content/uploads/2024/10/word-image-4289-3-1.jpeg" srcset="https://www.60ergang.at/wordpress/wp-content/uploads/2024/10/word-image-4289-3-1.jpeg 1385w, https://www.60ergang.at/wordpress/wp-content/uploads/2024/10/word-image-4289-3-1-400x201.jpeg 400w, https://www.60ergang.at/wordpress/wp-content/uploads/2024/10/word-image-4289-3-1-640x322.jpeg 640w, https://www.60ergang.at/wordpress/wp-content/uploads/2024/10/word-image-4289-3-1-768x386.jpeg 768w" sizes="auto, (max-width: 1385px) 100vw, 1385px" /></p>
<p>Das Höhenprofil:<br />
Lafatscher Joch, Hochalmsattel, Plums Joch, Geisel Joch, Tuxer Joch, Brenner, Schlüssel Joch, Pfitscher Joch, Sidan Joch, Loas Sattel, Tulfer Berg</p>
<hr />
<p>Weiter lesen</p>
<p><a href="https://www.60ergang.at/wordpress/transalp-2013-trans-tirolis/">Transalp 2013, Vorwort</a> | <a href="https://www.60ergang.at/wordpress/transalp-2013-trans-tirolis-story-1-3/">Etappe 1</a> | <a href="https://www.60ergang.at/wordpress/transalp-2013-etappe-2/">Etappe 2</a> | <a href="https://www.60ergang.at/wordpress/transalp-2013-trans-tirolis-3-etappe/">Etappe 3</a> | <a href="https://www.60ergang.at/wordpress/transalp-2013-4-etappe/">Etappe 4</a> | <a href="https://www.60ergang.at/wordpress/transalp-2013-trans-tirolis-etappe-5/">Etappe 5</a> | <a href="https://www.60ergang.at/wordpress/transalp-2013-trans-tirolis-etappe-6/">Etappe 6</a> | <a href="https://www.60ergang.at/wordpress/transalp-2013-trans-tirolis-etappe-7/">Etappe 7</a></p>
