{"id":6403,"date":"2014-10-06T22:55:29","date_gmt":"2014-10-06T20:55:29","guid":{"rendered":"http:\/\/www.60ergang.at\/wordpress\/?page_id=6403"},"modified":"2024-10-21T18:08:01","modified_gmt":"2024-10-21T16:08:01","slug":"mallorca-2014","status":"publish","type":"page","link":"https:\/\/www.60ergang.at\/wordpress\/mallorca-2014\/","title":{"rendered":"Mallorca 2014"},"content":{"rendered":"<h1>Mallorca 2014, Einleitung:<\/h1>\n<p>Heuer sollte es keine Transalp im Sinne der letzten drei Jahre werde. Wir wollten das Bike Erlebnis mit dem Urlaubsgedanken zusammen mit unseren M\u00e4dels verbinden und so auch den einen und anderen gemeinsamen Chilltag finden. Diese Kombination aus Biken und Chillen war perfekt.<\/p>\n<p>Wir starten zu neunt per Flieger von Innsbruck nach Palma. Der Transfer in den Norden der Insel nach Can Picafort ist in einer knappen Stunde erledigt. Wir sind also weit weg von Ballermann und Co und das ist auch gut so.<\/p>\n<p><img loading=\"lazy\" decoding=\"async\" width=\"1386\" height=\"780\" class=\"wp-image-17910\" src=\"https:\/\/www.60ergang.at\/wordpress\/wp-content\/uploads\/2024\/10\/word-image-6403-1.jpeg\" srcset=\"https:\/\/www.60ergang.at\/wordpress\/wp-content\/uploads\/2024\/10\/word-image-6403-1.jpeg 1386w, https:\/\/www.60ergang.at\/wordpress\/wp-content\/uploads\/2024\/10\/word-image-6403-1-400x225.jpeg 400w, https:\/\/www.60ergang.at\/wordpress\/wp-content\/uploads\/2024\/10\/word-image-6403-1-640x360.jpeg 640w, https:\/\/www.60ergang.at\/wordpress\/wp-content\/uploads\/2024\/10\/word-image-6403-1-768x432.jpeg 768w, https:\/\/www.60ergang.at\/wordpress\/wp-content\/uploads\/2024\/10\/word-image-6403-1-1360x765.jpeg 1360w\" sizes=\"auto, (max-width: 1386px) 100vw, 1386px\" \/><\/p>\n<p>Der erste Tag wird gleich zum akklimatisieren mit Chillen am Pool verbracht. Der ist recht kurzweilig da die Gespr\u00e4chsthemen bei vier Damen und f\u00fcnf Herren nicht so schnell ausgehen. Die Unterbringung im Hotel Exxagon sowie das Essen sind perfekt. Ich (wir) haben schon lange nicht mehr so extravagant gespeist. By the way &#8211; all inclusive!<\/p>\n<p>Die Tourenplanung f\u00fcr die n\u00e4chsten Tage sieht folgenderma\u00dfen aus: Vier Touren, zwei wie gewohnt mit Bike und absolutes Neuland &#8211; zwei mit dem Rennrad.<\/p>\n<p>Lies weiter<\/p>\n<ul>\n<li><a title=\"Mallorca 2014: Halbinsel Alcudia, 26.05.2014\" href=\"https:\/\/www.60ergang.at\/wordpress\/mallorca-2014-halbinsel-alcudia\">Tour 1 &#8211; Halbinsel Alcudia<\/a><\/li>\n<li><a title=\"Mallorca 2014: Halbinsel LLevant, 27.05.2014\" href=\"https:\/\/www.60ergang.at\/wordpress\/halbinsel-llevant-27-05-2014\">Tour 2 &#8211; Halbinsel LLevant<\/a><\/li>\n<li><a title=\"Mallorca 2014; Can Picafort-Alcudia-Sa Pobla-Muro-Sineu-Muro-Can Picafort, 29.05.2014\" href=\"https:\/\/www.60ergang.at\/wordpress\/mallorca-2014-can-picafort-alcudia-sa-pobla-muro-sineu-muro-can-picafort-29-05-2014\">Tour 3 &#8211;\u00a0Can Picafort-Alcudia-Sa Pobla-Muro-Sineu-Muro-Can Picafort<\/a><\/li>\n<li><a title=\"Mallorca 2014; Cap Formentor, 30.05.2014\" href=\"https:\/\/www.60ergang.at\/wordpress\/mallorca-2014-cap-formentor-30-05-2014\">Tour 4 &#8211; Cap Formentor<\/a><\/li>\n<\/ul>\n<p>&nbsp;<\/p>\n","protected":false},"excerpt":{"rendered":"<p>Mallorca 2014, Einleitung: Heuer sollte es keine Transalp im Sinne der letzten drei Jahre werde. Wir wollten das Bike Erlebnis mit dem<\/p>\n","protected":false},"author":2,"featured_media":17910,"parent":0,"menu_order":4,"comment_status":"open","ping_status":"closed","template":"","meta":{"_uag_custom_page_level_css":"","footnotes":""},"class_list":["post-6403","page","type-page","status-publish","has-post-thumbnail","hentry"],"uagb_featured_image_src":{"full":["https:\/\/www.60ergang.at\/wordpress\/wp-content\/uploads\/2024\/10\/word-image-6403-1.jpeg",1386,780,false],"thumbnail":["https:\/\/www.60ergang.at\/wordpress\/wp-content\/uploads\/2024\/10\/word-image-6403-1-150x150.jpeg",150,150,true],"medium":["https:\/\/www.60ergang.at\/wordpress\/wp-content\/uploads\/2024\/10\/word-image-6403-1-400x225.jpeg",400,225,true],"medium_large":["https:\/\/www.60ergang.at\/wordpress\/wp-content\/uploads\/2024\/10\/word-image-6403-1-768x432.jpeg",768,432,true],"large":["https:\/\/www.60ergang.at\/wordpress\/wp-content\/uploads\/2024\/10\/word-image-6403-1-640x360.jpeg",640,360,true],"1536x1536":["https:\/\/www.60ergang.at\/wordpress\/wp-content\/uploads\/2024\/10\/word-image-6403-1.jpeg",1386,780,false],"2048x2048":["https:\/\/www.60ergang.at\/wordpress\/wp-content\/uploads\/2024\/10\/word-image-6403-1.jpeg",1386,780,false],"post-thumbnail":["https:\/\/www.60ergang.at\/wordpress\/wp-content\/uploads\/2024\/10\/word-image-6403-1-1360x765.jpeg",840,473,true],"worldstar-header-image":["https:\/\/www.60ergang.at\/wordpress\/wp-content\/uploads\/2024\/10\/word-image-6403-1.jpeg",746,420,false],"worldstar-thumbnail-small":["https:\/\/www.60ergang.at\/wordpress\/wp-content\/uploads\/2024\/10\/word-image-6403-1.jpeg",120,68,false],"tzwb-thumbnail":["https:\/\/www.60ergang.at\/wordpress\/wp-content\/uploads\/2024\/10\/word-image-6403-1.jpeg",80,45,false]},"uagb_author_info":{"display_name":"Fuzzi","author_link":"https:\/\/www.60ergang.at\/wordpress\/author\/gozilla42\/"},"uagb_comment_info":0,"uagb_excerpt":"Mallorca 2014, Einleitung: Heuer sollte es keine Transalp im Sinne der letzten drei Jahre werde. Wir wollten das Bike Erlebnis mit dem","_links":{"self":[{"href":"https:\/\/www.60ergang.at\/wordpress\/wp-json\/wp\/v2\/pages\/6403","targetHints":{"allow":["GET"]}}],"collection":[{"href":"https:\/\/www.60ergang.at\/wordpress\/wp-json\/wp\/v2\/pages"}],"about":[{"href":"https:\/\/www.60ergang.at\/wordpress\/wp-json\/wp\/v2\/types\/page"}],"author":[{"embeddable":true,"href":"https:\/\/www.60ergang.at\/wordpress\/wp-json\/wp\/v2\/users\/2"}],"replies":[{"embeddable":true,"href":"https:\/\/www.60ergang.at\/wordpress\/wp-json\/wp\/v2\/comments?post=6403"}],"version-history":[{"count":0,"href":"https:\/\/www.60ergang.at\/wordpress\/wp-json\/wp\/v2\/pages\/6403\/revisions"}],"wp:featuredmedia":[{"embeddable":true,"href":"https:\/\/www.60ergang.at\/wordpress\/wp-json\/wp\/v2\/media\/17910"}],"wp:attachment":[{"href":"https:\/\/www.60ergang.at\/wordpress\/wp-json\/wp\/v2\/media?parent=6403"}],"curies":[{"name":"wp","href":"https:\/\/api.w.org\/{rel}","templated":true}]}}