{"id":7269,"date":"2015-08-04T09:28:00","date_gmt":"2015-08-04T07:28:00","guid":{"rendered":"http:\/\/www.60ergang.at\/wordpress\/?page_id=7269"},"modified":"2024-10-23T17:16:35","modified_gmt":"2024-10-23T15:16:35","slug":"transalp-2015","status":"publish","type":"page","link":"https:\/\/www.60ergang.at\/wordpress\/transalp-2015\/","title":{"rendered":"Transalp 2015"},"content":{"rendered":"<h1>Transalp 2015, Vorwort<\/h1>\n<p>Nach unserem Abstecher nach Mallorca letztes Jahr, war f\u00fcr heuer wieder eine Alpencross Geschichte in unseren Breitengraden f\u00e4llig. Die Routenplanung f\u00e4llt auf Start in St. Anton mit Ziel Riva am Gardasee. Laut Etappenplanung kommen ca. 14.00 H\u00f6henmeter und eine Strecke von ungef\u00e4hr 380 Kilometer auf uns zu. Leider mussten wir auf Grund des sehr besch\u2026..eidenen Wetters, die zweite Etappe total auf den Kopf stellen. Dadurch ergeben sich am Ende mehr Kilometer und weniger H\u00f6henmeter.<\/p>\n<p>Wir zeichnen unsere Fahrt mit verschiedenen Navis auf. Im Mittel ergeben sich 430 Kilometer und 12.830 H\u00f6henmeter.<\/p>\n<p>Als sehr positiv f\u00e4llt die heurige Unfall- und Pannenbilanz aus. Null Komma Josef \u2013 kein Unfall, keine Panne! Immerhin bei 6 Mann mal 430 Kilometer = 2580 Kilometer keine Selbstverst\u00e4ndlichkeit. Wir sind jedenfalls dankbar daf\u00fcr.<\/p>\n<p><img loading=\"lazy\" decoding=\"async\" width=\"1055\" height=\"517\" class=\"wp-image-18008\" src=\"https:\/\/www.60ergang.at\/wordpress\/wp-content\/uploads\/2024\/10\/word-image-7269-1-1.png\" srcset=\"https:\/\/www.60ergang.at\/wordpress\/wp-content\/uploads\/2024\/10\/word-image-7269-1-1.png 1055w, https:\/\/www.60ergang.at\/wordpress\/wp-content\/uploads\/2024\/10\/word-image-7269-1-1-400x196.png 400w, https:\/\/www.60ergang.at\/wordpress\/wp-content\/uploads\/2024\/10\/word-image-7269-1-1-640x314.png 640w, https:\/\/www.60ergang.at\/wordpress\/wp-content\/uploads\/2024\/10\/word-image-7269-1-1-768x376.png 768w\" sizes=\"auto, (max-width: 1055px) 100vw, 1055px\" \/><\/p>\n\n<table id=\"tablepress-2\" class=\"tablepress tablepress-id-2\">\n<thead>\n<tr class=\"row-1\">\n\t<th class=\"column-1\">Etappe \/ Tag<\/th><th class=\"column-2\">Start \/ Ziel<\/th><th class=\"column-3\">Stecke [km]<\/th><th class=\"column-4\">Zeit in Bewegung<\/th><th class=\"column-5\">Anstieg [m]<\/th><th class=\"column-6\">max. H\u00f6he [hm]<\/th>\n<\/tr>\n<\/thead>\n<tbody class=\"row-striping row-hover\">\n<tr class=\"row-2\">\n\t<td class=\"column-1\">1<\/td><td class=\"column-2\">St.Anton \u2013 Galt\u00fcr<\/td><td class=\"column-3\">36<\/td><td class=\"column-4\">06:41<\/td><td class=\"column-5\">1620<\/td><td class=\"column-6\">2320<\/td>\n<\/tr>\n<tr class=\"row-3\">\n\t<td class=\"column-1\">2<\/td><td class=\"column-2\">Galt\u00fcr \u2013 Scuol<\/td><td class=\"column-3\">105<\/td><td class=\"column-4\">07:02<\/td><td class=\"column-5\">1370<\/td><td class=\"column-6\">1640<\/td>\n<\/tr>\n<tr class=\"row-4\">\n\t<td class=\"column-1\">3<\/td><td class=\"column-2\">Scuol \u2013 Livigno<\/td><td class=\"column-3\">70<\/td><td class=\"column-4\">10:37<\/td><td class=\"column-5\">2985<\/td><td class=\"column-6\">2290<\/td>\n<\/tr>\n<tr class=\"row-5\">\n\t<td class=\"column-1\">4<\/td><td class=\"column-2\">Livigno \u2013 Santa Caterina<\/td><td class=\"column-3\">50<\/td><td class=\"column-4\">06:42<\/td><td class=\"column-5\">1875<\/td><td class=\"column-6\">2350<\/td>\n<\/tr>\n<tr class=\"row-6\">\n\t<td class=\"column-1\">5<\/td><td class=\"column-2\">Santa Caterina - Dimaro<\/td><td class=\"column-3\">67<\/td><td class=\"column-4\">05:58<\/td><td class=\"column-5\">1780<\/td><td class=\"column-6\">2630<\/td>\n<\/tr>\n<tr class=\"row-7\">\n\t<td class=\"column-1\">6<\/td><td class=\"column-2\">Dimaro \u2013 Tione<\/td><td class=\"column-3\">66<\/td><td class=\"column-4\">08:18<\/td><td class=\"column-5\">2280<\/td><td class=\"column-6\">1860<\/td>\n<\/tr>\n<tr class=\"row-8\">\n\t<td class=\"column-1\">7<\/td><td class=\"column-2\">Tione - Riva<\/td><td class=\"column-3\">42<\/td><td class=\"column-4\">07:51<\/td><td class=\"column-5\">930<\/td><td class=\"column-6\">1020<\/td>\n<\/tr>\n<\/tbody>\n<tfoot>\n<tr class=\"row-9\">\n\t<th class=\"column-1\">Gesamt<\/th><th class=\"column-2\">Gesamt<\/th><th class=\"column-3\">433<\/th><th class=\"column-4\">53:11<\/th><th class=\"column-5\">12830<\/th><td class=\"column-6\"><\/td>\n<\/tr>\n<\/tfoot>\n<\/table>\n<!-- #tablepress-2 from cache -->\n<p><img loading=\"lazy\" decoding=\"async\" width=\"590\" height=\"868\" class=\"wp-image-18009\" src=\"https:\/\/www.60ergang.at\/wordpress\/wp-content\/uploads\/2024\/10\/word-image-7269-2-1.png\" srcset=\"https:\/\/www.60ergang.at\/wordpress\/wp-content\/uploads\/2024\/10\/word-image-7269-2-1.png 590w, https:\/\/www.60ergang.at\/wordpress\/wp-content\/uploads\/2024\/10\/word-image-7269-2-1-272x400.png 272w, https:\/\/www.60ergang.at\/wordpress\/wp-content\/uploads\/2024\/10\/word-image-7269-2-1-435x640.png 435w\" sizes=\"auto, (max-width: 590px) 100vw, 590px\" \/><\/p>\n<p>Aus Garmins Sicht<\/p>\n<p><img loading=\"lazy\" decoding=\"async\" width=\"898\" height=\"938\" class=\"wp-image-18010\" src=\"https:\/\/www.60ergang.at\/wordpress\/wp-content\/uploads\/2024\/10\/word-image-7269-3-1.png\" srcset=\"https:\/\/www.60ergang.at\/wordpress\/wp-content\/uploads\/2024\/10\/word-image-7269-3-1.png 898w, https:\/\/www.60ergang.at\/wordpress\/wp-content\/uploads\/2024\/10\/word-image-7269-3-1-383x400.png 383w, https:\/\/www.60ergang.at\/wordpress\/wp-content\/uploads\/2024\/10\/word-image-7269-3-1-613x640.png 613w, https:\/\/www.60ergang.at\/wordpress\/wp-content\/uploads\/2024\/10\/word-image-7269-3-1-768x802.png 768w\" sizes=\"auto, (max-width: 898px) 100vw, 898px\" \/><\/p>\n<p>Aus Googles Sicht<\/p>\n<p>Die Zieldestination Riva haben wir bestens in Erinnerung. Auch diesmal treffen wir uns dort mit unseren M\u00e4dels und verbringen noch einige Tage gemeinsam . Nach der anstrengenden Woche gemeinsam mit den M\u00e4dels abzuh\u00e4ngen trifft wieder genau ins Schwarze. By the way girls &#8211; danke f\u00fcr euren Support: Elfie, Iris, Marina, Ilona. \u00dcber den Besuch von MarTina und Hilli k\u00f6nnen wir uns am Freitag Abend freuen. Weniger erfreulich ist die Tatsache, dass Jemie und Richy kurz nach unserer Ankunft in Riva bereits die Heimreise per Zug antreten m\u00fcssen.<\/p>\n<p><img loading=\"lazy\" decoding=\"async\" width=\"1386\" height=\"780\" class=\"wp-image-18011\" src=\"https:\/\/www.60ergang.at\/wordpress\/wp-content\/uploads\/2024\/10\/word-image-7269-4-1.jpeg\" srcset=\"https:\/\/www.60ergang.at\/wordpress\/wp-content\/uploads\/2024\/10\/word-image-7269-4-1.jpeg 1386w, https:\/\/www.60ergang.at\/wordpress\/wp-content\/uploads\/2024\/10\/word-image-7269-4-1-400x225.jpeg 400w, https:\/\/www.60ergang.at\/wordpress\/wp-content\/uploads\/2024\/10\/word-image-7269-4-1-640x360.jpeg 640w, https:\/\/www.60ergang.at\/wordpress\/wp-content\/uploads\/2024\/10\/word-image-7269-4-1-768x432.jpeg 768w, https:\/\/www.60ergang.at\/wordpress\/wp-content\/uploads\/2024\/10\/word-image-7269-4-1-1360x765.jpeg 1360w\" sizes=\"auto, (max-width: 1386px) 100vw, 1386px\" \/><\/p>\n<p>Die 60erGang Alpencross 2015 Teilnehmer<br \/>\nSteve, Hannes, Richy, Mario, Jemie, Fuzzi<\/p>\n<p>Das Wetter, man bemerkt es am Gewand, alles andere als optimal. Das hatten wir in der Wettervorhersage zwar im Auge, mussten den Zeitplan allerdings durchziehen. Spannend sollte es allemal werden.<\/p>\n<p>Fuzzi August 2015<\/p>\n<hr \/>\n<p>Lies weiter<\/p>\n<p>::: <a href=\"https:\/\/www.60ergang.at\/wordpress\/transalp-2015\/\">Vorwort<\/a> :::\u00a0 <a href=\"https:\/\/www.60ergang.at\/wordpress\/transalp-2015-etappe-1\">Etappe 1<\/a> ::: <a href=\"https:\/\/www.60ergang.at\/wordpress\/18109-2\/\">Etappe 2<\/a> ::: <a href=\"https:\/\/www.60ergang.at\/wordpress\/transalp-2015-etappe-3\/\">Etappe 3<\/a> ::: <a href=\"https:\/\/www.60ergang.at\/wordpress\/transalp-2015-etappe-4\/\">Etappe 4<\/a> ::: <a href=\"https:\/\/www.60ergang.at\/wordpress\/transalp-2015-etappe-5\/\">Etappe 5<\/a> ::: <a href=\"https:\/\/www.60ergang.at\/wordpress\/transalp-2015-etappe-6\/\">Etappe 6<\/a> ::: <a href=\"https:\/\/www.60ergang.at\/wordpress\/transalp-2015-etappe-7\/\">Etappe 7<\/a> :::<\/p>\n","protected":false},"excerpt":{"rendered":"<p>Transalp 2015, Vorwort Nach unserem Abstecher nach Mallorca letztes Jahr, war f\u00fcr heuer wieder eine Alpencross Geschichte in unseren Breitengraden f\u00e4llig. Die<\/p>\n","protected":false},"author":2,"featured_media":18011,"parent":0,"menu_order":5,"comment_status":"open","ping_status":"closed","template":"","meta":{"_uag_custom_page_level_css":"","footnotes":""},"class_list":["post-7269","page","type-page","status-publish","has-post-thumbnail","hentry"],"uagb_featured_image_src":{"full":["https:\/\/www.60ergang.at\/wordpress\/wp-content\/uploads\/2024\/10\/word-image-7269-4-1.jpeg",1386,780,false],"thumbnail":["https:\/\/www.60ergang.at\/wordpress\/wp-content\/uploads\/2024\/10\/word-image-7269-4-1-150x150.jpeg",150,150,true],"medium":["https:\/\/www.60ergang.at\/wordpress\/wp-content\/uploads\/2024\/10\/word-image-7269-4-1-400x225.jpeg",400,225,true],"medium_large":["https:\/\/www.60ergang.at\/wordpress\/wp-content\/uploads\/2024\/10\/word-image-7269-4-1-768x432.jpeg",768,432,true],"large":["https:\/\/www.60ergang.at\/wordpress\/wp-content\/uploads\/2024\/10\/word-image-7269-4-1-640x360.jpeg",640,360,true],"1536x1536":["https:\/\/www.60ergang.at\/wordpress\/wp-content\/uploads\/2024\/10\/word-image-7269-4-1.jpeg",1386,780,false],"2048x2048":["https:\/\/www.60ergang.at\/wordpress\/wp-content\/uploads\/2024\/10\/word-image-7269-4-1.jpeg",1386,780,false],"post-thumbnail":["https:\/\/www.60ergang.at\/wordpress\/wp-content\/uploads\/2024\/10\/word-image-7269-4-1-1360x765.jpeg",840,473,true],"worldstar-header-image":["https:\/\/www.60ergang.at\/wordpress\/wp-content\/uploads\/2024\/10\/word-image-7269-4-1.jpeg",746,420,false],"worldstar-thumbnail-small":["https:\/\/www.60ergang.at\/wordpress\/wp-content\/uploads\/2024\/10\/word-image-7269-4-1.jpeg",120,68,false],"tzwb-thumbnail":["https:\/\/www.60ergang.at\/wordpress\/wp-content\/uploads\/2024\/10\/word-image-7269-4-1.jpeg",80,45,false]},"uagb_author_info":{"display_name":"Fuzzi","author_link":"https:\/\/www.60ergang.at\/wordpress\/author\/gozilla42\/"},"uagb_comment_info":3,"uagb_excerpt":"Transalp 2015, Vorwort Nach unserem Abstecher nach Mallorca letztes Jahr, war f\u00fcr heuer wieder eine Alpencross Geschichte in unseren Breitengraden f\u00e4llig. Die","_links":{"self":[{"href":"https:\/\/www.60ergang.at\/wordpress\/wp-json\/wp\/v2\/pages\/7269","targetHints":{"allow":["GET"]}}],"collection":[{"href":"https:\/\/www.60ergang.at\/wordpress\/wp-json\/wp\/v2\/pages"}],"about":[{"href":"https:\/\/www.60ergang.at\/wordpress\/wp-json\/wp\/v2\/types\/page"}],"author":[{"embeddable":true,"href":"https:\/\/www.60ergang.at\/wordpress\/wp-json\/wp\/v2\/users\/2"}],"replies":[{"embeddable":true,"href":"https:\/\/www.60ergang.at\/wordpress\/wp-json\/wp\/v2\/comments?post=7269"}],"version-history":[{"count":0,"href":"https:\/\/www.60ergang.at\/wordpress\/wp-json\/wp\/v2\/pages\/7269\/revisions"}],"wp:featuredmedia":[{"embeddable":true,"href":"https:\/\/www.60ergang.at\/wordpress\/wp-json\/wp\/v2\/media\/18011"}],"wp:attachment":[{"href":"https:\/\/www.60ergang.at\/wordpress\/wp-json\/wp\/v2\/media?parent=7269"}],"curies":[{"name":"wp","href":"https:\/\/api.w.org\/{rel}","templated":true}]}}